the tens digit of x?
1
Let w = -45 + 81. What is the units digit of w?
6
Let w(c) = -c**3 + 6*c**2 - 3*c - 7. Let t be w(5). Suppose 4*y + 13 = t*q, 0 = -5*q + 4*y - 0*y + 27. What is the units digit of q?
7
Let k be (1/(-1) - 0) + 2. Let g(w) = 2*w - k + 0 - 2. What is the units digit of g(4)?
5
Let z(l) be the second derivative of -l**3/3 - 4*l**2 + 3*l. Let n be z(-6). Suppose -n*t + t + 36 = 0. What is the tens digit of t?
1
Let n(a) = -a**2 + 11*a - 10. Suppose 0 = -3*u - 4*s - 23, 4*s = 3*u + 37 - 6. Let f = u - -16. What is the units digit of n(f)?
8
Suppose -u = -1 - 2. Suppose -56 = -u*v + 31. What is the units digit of v?
9
Let w = -24 + 2. Let o = 25 + w. What is the units digit of o?
3
Let x be 5*(0 + 2 + -1). Let o be (-2)/(-3) - (-19)/3. Suppose -o = -x*i + 3. What is the units digit of i?
2
Let b = -65 + 111. What is the units digit of b?
6
Let q(c) = -c**2 - 14*c + 17. What is the units digit of q(-11)?
0
Suppose -2*u - 2*u = -208. What is the units digit of 372/u + (-4)/26?
7
Let q(y) = 59 - y - y**3 + 43 - y**2 - 29. Let x be q(0). What is the units digit of 2/(-8) - x/(-4)?
8
Suppose 4*g + 4*k = -348 + 1268, -4*k = -4*g + 952. What is the hundreds digit of g?
2
Suppose 2*n + 156 = 2*f, f - 64 - 26 = -2*n. What is the tens digit of f?
8
Suppose 3 = 4*i - 3*w, -i - 10 = 4*w + 13. Let j = i - -5. What is the units digit of j?
2
Let s = -28 + 50. What is the units digit of s/26 + 12/78?
1
Suppose 0 = -2*f - 4*w + 122, w - 320 = -5*f - 4*w. What is the units digit of f?
7
Let n(a) = 3*a - 2. Let f = 6 + -4. Let y be n(f). Suppose -z = y*z - 15. What is the units digit of z?
3
Let a(m) = m**2 - 4*m + 3. Let d be a(4). Let y = 4 - d. What is the units digit of y - (2 + 0)/(-1)?
3
Let m = 4 - 16. Let s(p) = -2*p - 8. Let b be s(6). Let o = m - b. What is the units digit of o?
8
What is the tens digit of (5/20)/((-1)/(-292))?
7
Let x(y) = 4*y + 1. Let z(s) = s**3 - 5*s**2 - 6. Let c be z(5). Let d be 9/6 - (-3)/c. What is the units digit of x(d)?
5
Suppose -2 = 2*p, 5*p - 8 - 23 = -4*h. What is the units digit of h?
9
Suppose -k - 1 = 3. What is the tens digit of (6/(-10))/(k/100)?
1
Suppose 27 = -4*a + a. Let z = a - -15. What is the units digit of z?
6
Suppose -v + 3 + 19 = k, 3*k = 0. Suppose t = v - 0. What is the tens digit of t?
2
Suppose 76 = 3*p - t, 2*p + 23 = -2*t + 71. What is the units digit of p?
5
Suppose i - 285 = 261. Let d = 1002 - i. What is the tens digit of 4/22 + d/33?
1
What is the units digit of (130/(-15))/(8/(-60))?
5
Let g be (-2 + 5)*21/9. Let t = g - -5. What is the units digit of t?
2
Let l(d) be the third derivative of -d**6/120 - d**5/12 - 7*d**4/24 - d**3 - d**2. Suppose -5*s - 21 = -1. What is the units digit of l(s)?
6
Let i(m) = -29*m + 5. What is the units digit of i(-1)?
4
Let r = 1 + 0. Let k = r + 1. What is the units digit of (9/k)/((-15)/(-20))?
6
Let n(o) be the first derivative of -o**2/2 + 6*o - 3. What is the units digit of n(4)?
2
Let k(o) = o**2 + o + 4. Let r be k(0). Suppose 0 = a + r*a - 140. What is the units digit of a?
8
Suppose -h - 8 = h. What is the units digit of -3 + (-3 - h) + 17?
5
Suppose 0 = -m - 4*m + 10, -4*i = -4*m. Suppose -i*h = h - 6. Let c = 19 - h. What is the tens digit of c?
1
Let g be (-1)/(2/(2*-1)). Let j = 2 - g. Suppose -13 = -2*f + j. What is the units digit of f?
7
Let y(r) = -7*r**3 + 3*r**2 + 2*r + 2. Let s(j) = -j**3 + j**2. Let m(k) = 6*s(k) - y(k). What is the units digit of m(2)?
4
Let m(f) = f**2 - 2*f - 4. Let k be 16/(-10)*(-10)/4. Let b be m(k). Suppose p = -1 + b. What is the units digit of p?
3
Let z(w) = 7*w**3 - w**2 - 3*w + 1. What is the units digit of z(2)?
7
Let o = 139 + -99. What is the units digit of o?
0
Suppose -3*z = -5*z + 18. Let y(j) = -j**2 + 9*j + 6. What is the units digit of y(z)?
6
Suppose 0 = -3*p + 5*s + 10, -10 = -4*p + 5*s - 0*s. Suppose 5*f = -p*f + 65. What is the units digit of f?
3
Suppose -3*r + 39 = t, -2*t + 9*r + 87 = 6*r. What is the units digit of t?
2
Suppose -4*t + 68 + 24 = 4*i, 0 = -3*t - i + 59. Suppose -54 = -2*o + 3*m, t = o + 2*m - 9. What is the tens digit of o?
2
Let u = 259 - 170. What is the units digit of u?
9
Suppose 2*p + 10 - 36 = 0. Suppose 2*k + 2*r = 50, -p - 10 = -k + r. What is the tens digit of (k/10)/(12/90)?
1
Let p(w) = w - 1 - 8*w - w**2 + w. What is the units digit of p(-5)?
4
Let i(m) = -2*m - 9. Let l(s) = -s**2 - 5*s - 6. Let d be l(-5). What is the units digit of i(d)?
3
Suppose -6*f + 8 = -2*f. Suppose f*y - 17 - 5 = 0. What is the units digit of y?
1
Let w be 0/((1 - 0)*2). Suppose w = -s + 3 + 3. Suppose -s*c + 3*c = -3, 5*m = -c + 26. What is the units digit of m?
5
What is the tens digit of 51/(-34)*328/(-6)?
8
Suppose -26 = -2*f - 3*x, 4*x + x + 1 = 3*f. Let k = 6 + f. What is the units digit of k?
3
What is the hundreds digit of (8/5)/(0 - (-8)/580)?
1
Suppose -2*s + 4*j - j = -387, -5*s - 3*j + 1020 = 0. What is the hundreds digit of s?
2
Let i(k) = -k**3 - 5*k**2 + 6*k - 2. Let m = -9 - -3. Let u be i(m). Let q = u - -5. What is the units digit of q?
3
Let g = 3 - 3. Suppose -5*s = -4*m + 18, 6*m - 5*m - s - 5 = g. Let v = m + -4. What is the units digit of v?
3
Let f(x) = -4*x + 2. Let k be f(1). What is the tens digit of ((-24)/30)/(k/60)?
2
Suppose 0 = -y + 10 - 2. Let t = -4 + y. Suppose t*o + 2*j - 8 = 0, 0 = -0*o - 5*o - 3*j + 9. What is the units digit of o?
3
Suppose -b - 7 = -0*b. Let f = 5 - b. What is the units digit of f?
2
Let y = 198 + -104. What is the units digit of y?
4
Let z = 10 - 9. What is the units digit of z?
1
Suppose 0*f - 847 = -7*f. What is the tens digit of f?
2
Let y(g) = 11*g**2 - 11*g - 40. What is the hundreds digit of y(-5)?
2
Let c(q) = 9*q + 103. What is the units digit of c(9)?
4
Let k(l) be the third derivative of -l**5/20 + l**3/6 - 2*l**2. Let r be k(-1). Let d = 8 + r. What is the units digit of d?
6
Suppose 0 = -y + 3 + 4. Suppose -f - y = -3*i, 4*f + 3 + 1 = 0. What is the units digit of i?
2
Let w(f) = 5*f**2 + f + 1. Let o be w(-1). Suppose g - o = -3*p - 14, 5*p + 1 = -4*g. What is the units digit of g?
6
Suppose -2*k = -2*a + 6*a - 26, -k - 3*a = -17. What is the units digit of k?
5
Suppose -2*a = -b + 105 - 39, 0 = 4*a - b + 130. Let v = 45 + a. What is the tens digit of v?
1
Suppose -75 = -10*t + 5*t. Let b = 22 - t. What is the units digit of b?
7
Suppose -5*f + 3*m + 530 = 0, -3*m + 233 = 2*f - 0*m. What is the hundreds digit of f?
1
Let m(a) = a**3 + a**2 - 3*a - 1. Let w be m(-2). What is the tens digit of w + 3/((-6)/(-38))?
2
Suppose -2*q - 11 = -37. Let p = -4 + q. What is the units digit of p?
9
Let n = -43 + 89. What is the units digit of n?
6
Let q(s) = s**2 + s - 2. Suppose 3*w + b + 6 + 5 = 0, 0 = 5*b - 5. What is the units digit of q(w)?
0
Suppose i - 2*s - 39 = -11, -i - 5*s + 14 = 0. Suppose -i = -l - 8. What is the units digit of l?
6
Suppose -2*g = -4*g + 6. Suppose -g*c + 7 + 35 = 0. What is the units digit of c?
4
Let t = -44 - -71. Let p be 48/t - (-4)/18. What is the units digit of (-130)/(-12) - p/(-12)?
1
Let d(v) = 24*v + 3. Let h be d(4). What is the tens digit of h/55*(14 + 1)?
2
Let n(j) = -9*j - 9. Let q be n(-7). Suppose 2*l = -l + q. What is the units digit of l?
8
Let g = 12 - 4. Let c = g + -5. Suppose 7*z - c*z - 24 = 0. What is the units digit of z?
6
Let n(h) = h - 9. Let f be n(12). What is the units digit of ((-120)/18)/((-2)/f)?
0
Let s(f) = f + 10. Let z be 0*(4/6)/2. What is the units digit of s(z)?
0
Suppose 0 = 6*w - 4*w. Suppose w = -3*d + 2*q + 48, 0 = 3*q + 6 + 3. Suppose -d = -2*f - 0. What is the units digit of f?
7
Let r(d) = -2*d - 5. Let s be r(-4). Suppose 27 = -s*v - 0*v. What is the units digit of (-4)/(-6)*v/(-1)?
6
Let z be (-15)/(-3) - (-1)/(-1). Let g be 6/(-3) - 2*-1. Suppose 4*m - z = -g. What is the units digit of m?
1
Suppose -5*a + 28 - 8 = 0. Let i be -1*2/a*2. Let g(z) = -5*z + 1. What is the units digit of g(i)?
6
Suppose 5*z = 7*z - 74. Suppose g + z = 2*i - 0*i, 2*g = -2*i + 52. What is the units digit of i?
1
Let p(u) = -2*u**3 - u**2 + 11*u - 5. Let d be p(-5). Suppose 33*s - 28*s = d. What is the tens digit of s?
3
Suppose -3*a - 5*p = -145, -3*a - p + 125 = -0*p. Suppose 0 = -5*w + o + 20, 2*w + 4*o = -2*w + a. What is the units digit of w?
5
Let d(x